z - 4*k, 0*z - z + 9 = -2*k. Suppose 2*l - 5 = q, 0*l + 12 = -z*q + 5*l. Determine t(q).
9
Let p(x) = -6*x**3 + 23*x**2 + 8*x + 14. Let g(r) = 7*r**3 - 25*r**2 - 7*r - 13. Let d(f) = 5*g(f) + 6*p(f). What is d(14)?
5
Let t(c) = 4*c + 7. Suppose -1 = -5*z - 1. Give t(z).
7
Let h(r) be the first derivative of -1/3*r**3 - 10 - 2*r**2 + 7*r. Determine h(-6).
-5
Suppose 5*k + 1 - 16 = -5*d, 0 = 2*d + 8. Let u(y) = -16*y - k + 4*y + 5*y + 5*y. Give u(0).
-7
Let v be (19 + 1)*26/(-104). Let s(f) = -3*f - 3. Give s(v).
12
Let p(l) = -l - 10. Let k = 38 - 18. Suppose 8*g + k = 6*g - 3*s, -41 = 5*g + 3*s. Give p(g).
-3
Let d(b) = 36*b - 48*b + 2 + b**3 - 7*b**2 + 22*b. Calculate d(5).
2
Let y = -20 - -34. Let k(p) = 4*p - p**2 + 2*p + 3*p - 6 - y*p. Determine k(-5).
-6
Let i be 4 - (-3 + (-2 - -3)). Let t be 2*((-3)/i)/1. Let k(q) = -4*q**3 + q**2. Give k(t).
5
Let g(u) = u**2 + 5*u + 2. Suppose 169 = -4*s + 25. Let z = s + 24. Let v be (0 + 2)/(8/z). Calculate g(v).
-4
Let k(h) = -h**2 - h - 3. Let q(o) = o**3 + 8*o**2 + 10*o + 25. Let w(f) = -k(f) + q(f). Determine w(-8).
4
Let d(w) = -24*w + 3. Let x(q) = -21*q + 4. Let h(f) = -6*d(f) + 7*x(f). Calculate h(11).
-23
Let i(d) be the second derivative of 20*d + 5/6*d**3 + 0*d**2 + 0. What is i(2)?
10
Let r(w) = -w**3 + 10*w**2 + 3*w**2 - 1 - 2*w - 17*w**2. Suppose -2*b = -15 - 9. Suppose -5*i + b = -8, 3 = 3*h + 3*i. Calculate r(h).
-4
Let b(v) = v**2 - 13*v + 6. Let x = -289 - -302. Determine b(x).
6
Let j(f) = 2*f - 7. Let o = -930 - -916. Calculate j(o).
-35
Let a(z) = 0*z + 2 - 37*z**2 + 2*z + 38*z**2 - 12. Let w be a(-5). Let s(n) = n**3 - 6*n**2 + 6*n - 6. Give s(w).
-1
Let j = 1485 - 1492. Let x(k) = -7*k**3 - 9*k**2 - 4*k - 13. Let z(i) = 11*i**3 + 13*i**2 + 6*i + 19. Let g(c) = 8*x(c) + 5*z(c). Determine g(j).
5
Let h(s) = 7*s**2 - 19*s - 14. Let j(l) = 5*l**2 - 17*l - 13. Let u(k) = -2*h(k) + 3*j(k). Determine u(14).
3
Let q(s) = -13*s**3 - s**2 + 1. Suppose -t = o, 2*t = 5*t - 2*o - 15. Suppose d - 4*m - 10 = 0, -2*m + 5*m = 3*d - t. Let i = d - -1. Determine q(i).
13
Let q(f) be the first derivative of -f**4/4 - 5*f**3/3 + 2*f + 1. Let n = 256 + -126. Let x be n/(-35) + (-6)/21. What is q(x)?
-14
Let p(r) = r**3 - 3*r**2 - 5*r - 2. Let m(z) = 3*z**3 + 2*z**2 - 3*z + 2. Let c be m(1). Calculate p(c).
-6
Let c be ((-2)/(-8) + (-3)/(-20))*-20. Let g(t) = -2*t - 8. What is g(c)?
8
Let u(d) = d. Let m(k) = 7*k - 18. Let j(z) = m(z) - 6*u(z). Determine j(11).
-7
Let v(g) = g**2 + g + 8. Let j = -254 - -254. What is v(j)?
8
Let i(d) be the third derivative of d**4/8 - d**3/6 - 2*d**2 + 80*d. Let r be (6/(-9))/(2/(-15)). Determine i(r).
14
Let p(q) = -q**3 + 4*q**2 + 6*q - 7. Let a(s) = 2 - 3 - 7 - 2*s + 0*s. Let d be a(-5). Suppose -2*z + 16 = d*b, 4*b + z - 26 = -z. Determine p(b).
-2
Let u(a) = a**2 + 4. Let l be ((-560)/(-21))/(-10)*6/4. Give u(l).
20
Let v(u) = -u**3 + u**2 - 3*u + 4. Suppose -16*z + 15*z + 5 = 2*p, -p - 25 = -5*z. What is v(p)?
4
Let r(o) be the third derivative of -o**6/120 - o**5/30 + o**4/8 - 2*o**2. Let v be r(-3). Let f(c) = 7 + 11 + c + 4 + 5 - 35. What is f(v)?
-8
Let b be (51/170 + 2/10)*-12. Let y(z) = z**3 + 5*z**2 - 4*z + 5. Calculate y(b).
-7
Let x(i) = 7*i - i**2 + 12 + 10 - 19 + 2*i**2. Suppose -2*m = m + 15. What is x(m)?
-7
Let p(l) = 3*l + 2. Let u be (-64)/(-36) - (-4)/18. Let o be p(u). Suppose 5*z + 1 + 33 = -t, 2*t + o = 0. Let k(c) = -c**3 - 7*c**2 - 6*c - 2. Determine k(z).
-2
Let k(l) = 0 + 4*l**3 - 10 - 3*l**3 - l**2. Suppose -22 + 20 = h. Let t be -1 + (-1 - (h - 0)). Determine k(t).
-10
Let z(c) = -c**3 + c**2 - 2*c. Let m(v) = -2*v**3 + 2*v**2 - 4*v. Let a(o) = -4*m(o) + 7*z(o). Let r = 2184 - 2182. Calculate a(r).
8
Let f(q) = -2*q + 2. Suppose -236 - 19 = -17*l. Suppose -1 + l = -7*u. Determine f(u).
6
Let i(y) = -164*y**3 + 478*y**3 - 4*y - 3 - 166*y**3 - 156*y**3. Give i(-2).
69
Let l = 17 + -54. Let u = 32 + l. Let j(v) be the second derivative of -v**3/2 - 7*v**2/2 - v. Give j(u).
8
Let o(u) = u. Let c(d) = d. Let k(r) = -2*c(r) + 4*o(r). Suppose -6*p + 120 = 18*p. Calculate k(p).
10
Let d(i) = 7*i**2 - 12*i - 7. Let j(g) = 15*g**2 - 25*g - 15. Let l(p) = 13*d(p) - 6*j(p). Let q be 45/5 + 0 + -3. Determine l(q).
-1
Let m(r) be the third derivative of r**6/120 + r**5/60 + r**4/6 + r**3/2 - 8*r**2 + 11*r. Give m(-2).
-9
Let o = 88 + -39. Let i = 55 - o. Let b(v) = -v**2 + 5*v - 4. What is b(i)?
-10
Let i(l) be the second derivative of l**3/3 + 3*l**2/2 - 13*l. Let u(k) = 9*k**3 - k**2. Let q be u(-1). Let j = q - -4. Give i(j).
-9
Let g(d) = -3*d**3 - 1. Let y(o) = o**3 + 7*o**2 + 8*o - 8. Let x be y(-5). Determine g(x).
-25
Suppose 0 = n - 3*y + 4, -2*y = 4*n - y - 10. Let x(h) = -h - h + n + 0*h - 7*h**2 + 8*h**2. Suppose u = 4*u - 9. Give x(u).
5
Let b(s) = -s - 11. Let g(p) = p**3 + 11*p**2 + 7*p + 62. Let l be g(-11). Determine b(l).
4
Let n(j) = j**3 + 3*j**2 - 2*j + 2. Let x be n(-4). Let r(o) be the first derivative of 0*o**2 + 2*o**3 + 1/4*o**4 - 5*o + 1. What is r(x)?
-5
Suppose -2 = -q - q, -18 = -3*o - 3*q. Suppose -4*b + o*b - 2 = 0. Suppose -2 = -2*m + b. Let a(w) = -w**2 + 2*w. Calculate a(m).
0
Let p = 476 + -482. Let j(x) = -x**3 - 6*x**2 - 6. Determine j(p).
-6
Suppose -16*c + 41 = -7. Suppose -i - k = -2*i + 1, -12 = c*k. Let p(r) = -r**3 - 2*r**2 + 3*r + 2. Give p(i).
2
Suppose -2*j + 4 = -0*j. Let l(s) = 3*s**2 + 6*s**2 - 8*s**j - 7*s + 6. Determine l(5).
-4
Let r(v) be the second derivative of -29*v**3/6 - v**2 - 7*v + 5. Give r(-2).
56
Suppose 23 = 4*q + 5*w, -2*q + 16 = -0*q + 4*w. Let v(a) be the first derivative of 3*a - 1/3*a**3 + 7 + 3/2*a**q. Calculate v(4).
-1
Let g be 13/26 + 1/2. Let r(u) be the third derivative of -1/6*u**3 + 0*u**4 + 0*u + 3*u**2 + 1/6*u**5 + 0. What is r(g)?
9
Let v be -18*3*4/(-36) - -5. Let f(t) = -6*t - 2 + 5 + t + 4*t. Determine f(v).
-8
Let j(l) = -11*l**2 + 2*l + 11. Let b(v) = 24*v**2 - 3*v - 23. Let i(d) = -6*b(d) - 13*j(d). Let r be -2*5*3/(-6). Let o be (-1 - (-1)/(-5))*r. Give i(o).
7
Let l(r) = -r + 11. Let j be l(1). Let x(h) = h**2 - 11*h + 7. Calculate x(j).
-3
Let q(s) = -4*s**3 + 3*s**2 + 8*s + 12. Let w(n) = -n**3 + n + 2. Let l(k) = -q(k) + 5*w(k). What is l(-2)?
0
Let b = -8 - -4. Let k(z) = 2*z + 144*z**2 - 312*z**2 + 2 + 2 - 4*z + 167*z**2. Give k(b).
-4
Let z(k) be the first derivative of -6*k - 31 + 1/2*k**2. What is z(6)?
0
Let d(i) be the third derivative of i**5/60 - i**4/12 + i**3 + 211*i**2. Calculate d(0).
6
Let c(m) = 3 - 1037*m + 516*m + 511*m - 2*m**2. Suppose 0 = 2*b + 10 + 4. Determine c(b).
-25
Let y(b) be the second derivative of b**5/20 - 4*b**4/3 - 4*b**2 - 12*b + 11. Determine y(16).
-8
Let y = 19 - 14. Let d(s) = -s**2 + s**3 + 1 - y*s**2 + 5*s**2 + 0*s**3. What is d(-1)?
-1
Let i(w) = 2*w**3 - 3*w**2 - 3*w - 7. Let u(k) = k**3 + k**2. Let o(f) = -i(f) + 3*u(f). Determine o(-5).
17
Let w be (-4)/(-2) + 39/(-18) + 1. Let u(j) be the second derivative of 1/2*j**2 - 5*j + w*j**3 + 0. Give u(-3).
-14
Let f(z) = -2*z + z - 5 - 6. Let a be ((-6)/(-9))/((-6)/54). Calculate f(a).
-5
Let o(m) = -6*m + 2*m + m + 0 + 6. Let i = 10 - 6. Give o(i).
-6
Let f(k) = -12 + 57*k**2 + 10 + 2*k - 56*k**2. Let x be (1 - (-1 - -1))*2. Give f(x).
6
Let n be ((-3)/(-2))/(-3)*10. Let t(u) = -u**2. Let v(b) be the second derivative of b**4/3 + b**3/2 - 5*b**2/2 - 2*b. Let m(s) = 3*t(s) + v(s). Calculate m(n).
5
Let d be (-136)/(-36) + 0 + (-4)/(-18). Suppose 2*f - 6 = d*t, 6*f - 4*f - 3*t = 7. Let a(k) = k**2 - 6*k + 7. Give a(f).
2
Let t(m) = -53 + 0*m + 47 + 0*m - m. Let j be t(-3). Let l(v) = -3*v - 3. Give l(j).
6
Let c(u) = 6*u. Let q be (4/10*2)/(12/(-30)). What is c(q)?
-12
Let o(r) = r**3 + 9*r**2 - 6. Suppose 0 = -4*s + 20*s + 144. Determine o(s).
-6
Let y = -107 + 138. Let s = 27 - y. Let o(x) = x - 5. Give o(s).
-9
Let n(j) = 49*j**2 - 46*j**2 + 8 - 6 + 4*j. Let k be n(-2). Let g(u) = -5*u**2 - 5*u + 0*u**3 + 4 + u**3 - 3*u. Calculate g(k).
-8
Let c(r) = r**3 - 9*r**2 - 2*r + 9. Let p be (24/2 - 4 - 3) + 4. Determine c(p).
-9
Let p = 213 + -203. Let c(g) = 3 + 0*g**2 - g**3 + 11*g**2 - 3 + 2 - 11*g. Determine c(p).
-8
Let f(r) = -r**3 - 4*r**2 - 2*r + 2. Let i(z) = -z + 11. Let y = -6 + 12. Let l be i(y). Suppose q + 8 = l. Calculate f(q).
-1
Let f(b) = b**3 - 8*b*